. Let x be u(-11). Suppose x*z = 35*z + 390. What is the units digit of z?
0
Let o(r) = -r + 14. Let s be o(0). Suppose -34 = -5*p - s. Suppose -3*w + p*j = -5*w + 202, w - 2*j - 93 = 0. What is the tens digit of w?
9
Suppose -10275399 - 4933377 = -444*r. What is the tens digit of r?
5
Suppose 4*c - 7901 = 2*c - 5*k, 0 = -5*k - 25. Suppose -14*j + c = -3345. What is the tens digit of j?
2
Let u be ((-3)/(9/(-2)))/((-150)/(-675)). Suppose -4*a + 5783 = u*v, 5*a - 7230 = -33*v + 29*v. What is the units digit of a?
2
Let w be (90/(-40))/((-3)/16). Suppose -3*x + 31 = 4*c, w*c - x = 15*c - 17. What is the units digit of c?
4
Suppose -19156 = -4*p + 3*l + 44239, -l + 7 = 0. What is the hundreds digit of p?
8
Suppose 0 = -4*s + 20*s - 64. Let j(p) = -2*p**3 - 9*p**2 - 4*p + 4. Let m be j(-6). Suppose s*x = 8*x - m. What is the units digit of x?
4
What is the thousands digit of 1987 - -176 - 3*-3*4/(-12)?
2
Let c = 25078 - -27493. What is the hundreds digit of c?
5
Let t(k) = -85*k + 79. Let z be t(-30). What is the units digit of 4/(16/z) + 1/(-4)?
7
Let b = 35499 - 24372. What is the hundreds digit of b?
1
Let k(f) = -104*f + 64. Let x be k(-15). Suppose -536 = -2*j + j + 4*v, 0 = -3*j - 4*v + x. What is the tens digit of j?
4
Let d be 4/2 - (-12 + 18). Let v(q) = -2*q - 3. Let m be v(d). Suppose 0*t = -5*f + m*t + 210, 2*f = 5*t + 96. What is the tens digit of f?
3
Let z(i) be the third derivative of -i**4/12 - i**3/3 - 3*i**2. Let w be (1/(-3))/((-7)/(-63)). What is the units digit of z(w)?
4
Let a(u) = u**3 - 18*u**2 + 16. Let y(x) = x**3 - 18*x**2 - x + 16. Suppose 0 = -6*s + 3*s - 18. Let m(t) = s*y(t) + 5*a(t). What is the tens digit of m(18)?
9
Let r(g) = -g + 22. Let y be r(17). Suppose 15*p = y*p + 6410. What is the hundreds digit of p?
6
Let c = 116 + -113. Suppose -2*l + 4*j + 11 + 91 = 0, c*l = -3*j + 135. What is the units digit of l?
7
Let m(b) = -2*b - 25. Let v be m(-14). Suppose 0 = -g - s + 8, -g = v*s - 11 - 3. Suppose 72 = g*j - j. What is the units digit of j?
8
Let p(j) = 8*j**2 - j - 3. Let m be p(-1). Suppose -m*t + 6074 + 4324 = 0. What is the hundreds digit of t?
7
Let u be 2/(5*(-2)/(-100)). Suppose 15*z - u*z = 35. Let q(s) = -s**3 - 4*s**2 + 7*s - 18. What is the units digit of q(z)?
0
Let x = 9170 + 3674. What is the units digit of x?
4
Suppose -6*x + 6699 = 1461. What is the tens digit of (-18)/(-63) + (-1 - x/(-7))?
2
Let i(n) = 269*n**3 - 5*n**2 + 32*n - 116. What is the thousands digit of i(3)?
7
Suppose -3*d + 4*k + 26 = 0, 23 = 4*d - 4*k + k. Suppose -s = -d*s + b + 94, -2*s - 2*b = -196. What is the tens digit of s?
9
Suppose 0 = -5*a + p - 4934, 4*a + 26*p - 22*p + 3928 = 0. Let h = a + 1701. What is the units digit of h?
5
Suppose -5*f - 5024 = -d, -4*d = -163*f + 161*f - 20024. What is the hundreds digit of d?
0
Suppose -19*y - 204 = -22*y. Let n = 68 - y. Suppose 4*l + 5*l - 153 = n. What is the units digit of l?
7
Let a(d) be the second derivative of d**5/20 + 7*d**4/4 - 37*d**3/6 + 29*d**2 + 279*d. What is the units digit of a(-16)?
0
Let l(p) = 3*p + 153. Let y be l(-44). Suppose y*b + 2025 = 36*b. What is the units digit of b?
5
Let g = 61 - 59. Let r(u) = -20*u - 6*u - 23 + 16*u + g*u**2. What is the units digit of r(7)?
5
Let m be (4/14)/((-43)/(-14) + -3). Suppose 0 = -m*g + 16*g - 456. Suppose g = 6*v - 76. What is the tens digit of v?
1
Suppose -h - h = 3*b - 30786, 0 = -4*b - 4*h + 41052. Suppose -9*t + 19*t - b = 0. What is the thousands digit of t?
1
Let c = -107 - -118. Let i be (6/(-4))/(-3)*0. Suppose c*y - 12*y + 6 = i. What is the units digit of y?
6
Let h(p) = 199*p**2 - 124*p. Let v be h(7). What is the tens digit of v/9 - (2 - (-8)/2)?
8
Let t = 312 - 295. Suppose 0 = 4*p - 3*o - 354, t*p + 5*o + 170 = 19*p. What is the tens digit of p?
9
Let i = 8777 + -8592. What is the units digit of i?
5
Let u = -10 - -34. Suppose -2*b = -3*v - 6*b - 14, 0 = 2*v - 4*b - u. Suppose 5*g - a = -5*a + 443, 0 = -v*g + a + 172. What is the units digit of g?
7
Let x(p) = -17*p**3 - 9*p**2 - p + 6. Let w(t) = -18*t**3 - 10*t**2 - t + 5. Let y(h) = 6*w(h) - 7*x(h). What is the tens digit of y(3)?
1
Let q = -6507 + 2552. Let x = -2361 - q. What is the hundreds digit of x?
5
Suppose -189885 + 23979 = -13*b. What is the ten thousands digit of b?
1
Suppose -2*t + 14 = -2*n, -2*t + 6 = 5*n - 8. Let p be ((-7)/(t/4))/((-2)/311). Suppose s = -4*j + p, -2*s + 776 = 2*j + 3*j. What is the hundreds digit of j?
1
Let w(s) = -1243*s - 3542. What is the hundreds digit of w(-10)?
8
Let p = 61 + -59. What is the units digit of (-120)/48 - (-551)/p?
3
Let d = 2853 - 2841. Let c(z) = 26 + 12 + 0 - 3*z + z**2. What is the units digit of c(d)?
6
Suppose 8 = -11*p - 113. Let y be 3*-2*(-1)/(-2) - p. Suppose v - 79 - y = 5*x, 3*x = -3*v + 171. What is the tens digit of v?
6
Let r(f) = 182*f + 1772. What is the units digit of r(0)?
2
Suppose -4*k + 7*k = 144. Let s be 21864/k - (-2)/4. Suppose 0 = -2*u + 2*r + 456, s = 2*u + r + r. What is the units digit of u?
8
Let v = -3163 + 6555. What is the tens digit of v?
9
Let r be (-84)/(-8) - 8/16. Let g(z) = 56*z - 81. What is the tens digit of g(r)?
7
Suppose 2*y + 4*b - 9*b - 22568 = 0, 4*b = -y + 11310. What is the units digit of y?
4
What is the hundreds digit of (-6453)/(-4)*312/7 + (-6)/7?
9
Let n(u) = -2*u**2 + 191*u - 6*u**3 + 12*u**3 - 179*u - 5 - 1. What is the tens digit of n(3)?
7
Suppose -4*o + 41 = 21. Suppose 997 + 48 = o*d. What is the hundreds digit of d?
2
Suppose 4*g + 0*g + 62398 = p, 2*p = -g + 124715. What is the tens digit of p?
6
Let v(q) = q**2 - 77*q + 63. What is the units digit of v(-23)?
3
Suppose 458304 = -30*u + 78*u - 27*u. What is the tens digit of u?
2
Suppose -68*m = -57*m + 33440. Let a = m + 4259. What is the tens digit of a?
1
Suppose 0*g = -3*g, 2*b + g - 42 = 0. Let m = b + 749. What is the tens digit of m?
7
Let l(k) = 23*k - 253. Let s be l(11). Suppose 14*o + 5*o - 13984 = s. What is the hundreds digit of o?
7
Suppose 0 = -289*g + 303*g - 47639 - 107775. What is the ten thousands digit of g?
1
Suppose 15588 = 5*g + 2*b, -19*g + 22*g - 9402 = 7*b. What is the units digit of g?
0
Let g = -7916 + 12072. What is the units digit of g?
6
Suppose -55*g + 104788 = -148432. What is the thousands digit of g?
4
Suppose 4*a = -5*t - 44, 4*a = t - 5*t - 48. Let s(x) = -2*x + 157. What is the units digit of s(a)?
9
Let w be -92 + 6/(-12)*-10. Let g = 375 + -221. Let i = w + g. What is the units digit of i?
7
Let q = 238 - 215. Suppose -9*z - 7112 = -q*z. What is the tens digit of z?
0
Let u be 5 + 81978/15 - (-2)/(-10). Suppose 4*p + 2*t = u, 4*t - 1180 - 1570 = -2*p. What is the units digit of p?
5
Let n(z) = -8*z**2 + 15*z - 9. Let i(q) = -q**2 + q + 1. Let o(t) = 5*i(t) - n(t). What is the tens digit of o(-9)?
4
Let m be (-17332)/(-60) - (-4)/30. Suppose 298*h - 10062 = m*h. What is the tens digit of h?
1
Suppose 68*y + 5*b + 4696 = 70*y, 0 = -5*y - 4*b + 11806. What is the tens digit of y?
5
Suppose -15*m - 402 = 1998. What is the tens digit of (-4942)/(-16) - 20/m?
0
Let z(a) = a**3 - 4*a**2 - 3*a - 3. Let j = 104 + -102. Suppose 10 = j*n - 4. What is the units digit of z(n)?
3
Let u(h) = 28*h**3 + 2*h + 1. Let y be u(-1). Let s be ((-14)/3)/(-5 + (-1028)/(-204)). Let p = y - s. What is the tens digit of p?
9
Let l(r) = 2*r + 148 - 13*r + 10*r. Suppose -30*h + 26*h = 0. What is the tens digit of l(h)?
4
Suppose -2*m + 286 = 472. Let l = m + 292. What is the tens digit of l?
9
What is the ten thousands digit of (-4855)/((2/15)/((-208)/312))?
2
Suppose 2*h + 4*a = 88, -a - 4 = 3*a. Suppose 6 = -2*y, 3*y = h*j - 43*j - 372. What is the tens digit of j?
2
Let v(h) be the second derivative of h**4/12 + h**3/3 + 561*h**2/2 - 7*h + 2. What is the units digit of v(0)?
1
Suppose -4*y + 3*n - 2*n = -2668, 5*n + 667 = y. Suppose -4*p + 177 + y = 0. Let t = p + -116. What is the tens digit of t?
9
Let n be -3 + 19 + 1 + -8. Suppose n*z = -1029 + 12927. What is the thousands digit of z?
1
Suppose -2*j = -6*u + 95234, 0 = -12*u + 14*u + 2*j - 31742. What is the units digit of u?
2
Let t(o) = o - 3. Let p = -40 + 47. Let r be t(p). Suppose 0 = -4*s + 3*c + 2*c + 226, 0 = r*s + 4*c - 208. What is the units digit of s?
4
Let a(t) = -286*t + 1757. What is the ten th